 is the greatest common factor of 1187898 and 229564?
58
What is the highest common factor of 252648 and 48410802?
5742
Calculate the greatest common divisor of 16 and 174170768.
16
What is the highest common factor of 10015411 and 812?
203
What is the greatest common divisor of 706456365 and 1395?
465
What is the highest common factor of 18617643 and 4226?
2113
What is the greatest common divisor of 291441881 and 10106?
5053
What is the highest common divisor of 13837716 and 324?
324
Calculate the highest common divisor of 26910167 and 3604.
901
Calculate the greatest common divisor of 7644120 and 9944.
88
What is the greatest common factor of 119201420 and 153920?
9620
What is the highest common divisor of 35 and 133286195?
35
What is the greatest common divisor of 1883450 and 43924?
278
What is the greatest common factor of 388083234 and 3?
3
Calculate the highest common divisor of 21044 and 155194239.
5261
What is the greatest common factor of 314198187 and 13198?
6599
Calculate the highest common factor of 157988 and 55372.
508
Calculate the highest common divisor of 41599 and 97376.
17
Calculate the greatest common factor of 47505905 and 340.
85
Calculate the highest common divisor of 867204 and 28449.
981
What is the highest common divisor of 24 and 190397712?
24
What is the greatest common divisor of 94962 and 49954534?
4522
Calculate the highest common factor of 488512 and 12512.
544
Calculate the highest common divisor of 73752 and 124237.
439
What is the highest common factor of 548853 and 6707?
19
What is the greatest common factor of 89487 and 3704175?
1467
What is the greatest common factor of 2136440 and 80?
40
Calculate the greatest common factor of 2508 and 1584714.
114
What is the greatest common divisor of 55259369 and 17990?
257
Calculate the highest common divisor of 80850 and 23364.
66
Calculate the highest common divisor of 92080 and 209570.
10
What is the greatest common factor of 1042 and 128235293?
521
Calculate the greatest common factor of 101718405 and 135.
45
Calculate the greatest common factor of 330350 and 4800.
50
What is the highest common factor of 1518714 and 234?
18
Calculate the greatest common factor of 106442236 and 666818.
11302
Calculate the highest common divisor of 14 and 51640778.
14
Calculate the greatest common divisor of 7574184 and 177.
177
Calculate the greatest common divisor of 1542422 and 294.
98
Calculate the highest common divisor of 6164434 and 1616.
202
What is the greatest common divisor of 52160 and 95360?
320
What is the highest common divisor of 8904 and 44373?
21
What is the greatest common factor of 3738 and 1506?
6
What is the greatest common factor of 22357 and 744496?
79
What is the highest common divisor of 55663984 and 10952?
296
What is the highest common factor of 5350 and 2105332?
214
What is the highest common factor of 63 and 18219033?
63
Calculate the highest common divisor of 760728 and 58.
58
What is the highest common divisor of 2968098 and 714?
714
What is the highest common divisor of 473764 and 311086?
2854
Calculate the greatest common factor of 1345210 and 140.
10
Calculate the greatest common factor of 235500 and 24000.
1500
Calculate the greatest common divisor of 6528 and 151878.
102
Calculate the greatest common divisor of 896 and 67676.
28
What is the highest common factor of 12534291 and 14?
7
Calculate the highest common factor of 59282 and 1250.
2
What is the highest common factor of 270 and 144140445?
135
Calculate the greatest common factor of 1202 and 17731904.
1202
Calculate the highest common divisor of 12062376 and 774.
18
Calculate the greatest common factor of 9563 and 271487.
73
Calculate the greatest common divisor of 228 and 645869508.
228
What is the highest common divisor of 2725 and 9930445?
545
Calculate the highest common factor of 309345 and 165.
15
Calculate the highest common factor of 13420 and 68280300.
220
What is the highest common divisor of 42 and 185078481?
21
What is the highest common divisor of 9954 and 704295270?
9954
What is the greatest common factor of 34699 and 721?
7
What is the highest common divisor of 67126080 and 588?
588
What is the greatest common factor of 766912 and 62144?
64
Calculate the highest common divisor of 255 and 107843580.
255
Calculate the highest common factor of 458670 and 1920.
30
What is the greatest common divisor of 5340 and 4477056?
1068
What is the greatest common divisor of 3884260 and 18315?
185
What is the greatest common divisor of 2527 and 9865009?
133
Calculate the highest common factor of 669 and 31228251.
669
Calculate the highest common divisor of 1154796 and 18600.
12
What is the greatest common divisor of 1139119 and 67932?
629
Calculate the greatest common factor of 9 and 36459828.
9
What is the highest common divisor of 58120 and 14165?
5
Calculate the greatest common factor of 1136750 and 4.
2
Calculate the highest common divisor of 201 and 134308401.
201
What is the highest common divisor of 51682478 and 534?
178
What is the greatest common divisor of 57 and 522715308?
57
What is the highest common divisor of 393824272 and 86?
86
What is the highest common divisor of 10010 and 9191270?
110
What is the highest common divisor of 28 and 8911322?
14
What is the greatest common factor of 84925 and 605225?
1075
What is the greatest common divisor of 12090 and 555?
15
What is the highest common factor of 490390 and 7565?
445
Calculate the greatest common factor of 2824 and 1128.
8
Calculate the greatest common factor of 209358 and 185517.
27
What is the greatest common factor of 113289890 and 63570?
1630
What is the highest common divisor of 1849123 and 3223?
293
What is the greatest common factor of 275328 and 39?
3
What is the highest common factor of 134494373 and 377?
377
Calculate the highest common divisor of 552344 and 326118.
2938
Calculate the highest common factor of 939650 and 860.
10
What is the greatest common divisor of 6272367 and 215?
43
What is the highest common divisor of 4441442 and 920334?
1954
What is the greatest common factor of 1376 and 14457104?
16
Calculate the highest common divisor of 365659947 and 537.
537
What is the greatest common factor of 475782548 and 9036?
1004
What is the highest common factor of 1276 and 8188?
4
What is the highest common divisor of 1754824 and 8?
8
Calculate the greatest common factor of 1447028 and 341.
11
What is the greatest common divisor of 8952769 and 434?
217
Calculate the highest common divisor of 3456 and 20096.
128
Calculate the greatest common divisor of 102162571 and 56168.
7021
Calculate the greatest common divisor of 23888 and 432.
16
Calculate the highest common factor of 17280 and 369019584.
1728
What is the greatest common factor of 270 and 5103990?
90
What is the greatest common divisor of 611450 and 275800?
350
Calculate the highest common factor of 2178890 and 508130.
1190
What is the greatest common divisor of 44271 and 6119236?
4919
Calculate the greatest common divisor of 57443876 and 56.
28
Calculate the highest common factor of 1683312 and 26184.
24
Calculate the greatest common divisor of 1989 and 5960727.
153
What is the greatest common factor of 1505699 and 3627?
13
Calculate the greatest common factor of 1679957 and 2023.
289
Calculate the highest common factor of 8569 and 337117.
209
What is the highest common divisor of 595 and 4106707?
17
What is the highest common divisor of 9731437 and 1?
1
What is the highest common divisor of 21 and 13893355?
7
Calculate the highest common factor of 18 and 15502806.
18
What is the highest common divisor of 24118770 and 435?
15
What is the greatest common factor of 11417 and 29743?
49
What is the highest common divisor of 7775 and 28436285?
1555
What is the highest common factor of 23931 and 165331302?
7977
Calculate the greatest common divisor of 9894939 and 12.
3
What is the greatest common factor of 3021782 and 738734?
1714
What is the highest common divisor of 315555 and 827005?
965
Calculate the highest common divisor of 236582 and 21998047.
4079
Calculate the highest common factor of 9591713 and 874.
437
What is the highest common factor of 728 and 21293678?
14
Calculate the highest common factor of 37 and 43648197.
37
What is the greatest common div